{"id":134,"date":"2024-06-20T17:44:06","date_gmt":"2024-06-20T15:44:06","guid":{"rendered":"http:\/\/www.ordaline.fr\/index.php\/colibri-wp\/"},"modified":"2025-01-27T16:44:25","modified_gmt":"2025-01-27T15:44:25","slug":"colibri-wp","status":"publish","type":"page","link":"https:\/\/www.ordaline.fr\/","title":{"rendered":"Front Page"},"content":{"rendered":"\t\t<div data-elementor-type=\"wp-page\" data-elementor-id=\"134\" class=\"elementor elementor-134\">\n\t\t\t\t<div class=\"elementor-element elementor-element-3be3a94 e-flex e-con-boxed e-con e-parent\" data-id=\"3be3a94\" data-element_type=\"container\" data-e-type=\"container\">\n\t\t\t\t\t<div class=\"e-con-inner\">\n\t\t\t\t<div class=\"elementor-element elementor-element-f1e4e57 elementor-widget elementor-widget-spacer\" data-id=\"f1e4e57\" data-element_type=\"widget\" data-e-type=\"widget\" data-widget_type=\"spacer.default\">\n\t\t\t\t<div class=\"elementor-widget-container\">\n\t\t\t\t\t\t\t<div class=\"elementor-spacer\">\n\t\t\t<div class=\"elementor-spacer-inner\"><\/div>\n\t\t<\/div>\n\t\t\t\t\t\t<\/div>\n\t\t\t\t<\/div>\n\t\t\t\t\t<\/div>\n\t\t\t\t<\/div>\n\t\t<div class=\"elementor-element elementor-element-58a7de3 e-flex e-con-boxed e-con e-parent\" data-id=\"58a7de3\" data-element_type=\"container\" data-e-type=\"container\">\n\t\t\t\t\t<div class=\"e-con-inner\">\n\t\t\t\t<div class=\"elementor-element elementor-element-801c9e8 elementor-position-left elementor-vertical-align-middle elementor-widget elementor-widget-image-box\" data-id=\"801c9e8\" data-element_type=\"widget\" data-e-type=\"widget\" data-widget_type=\"image-box.default\">\n\t\t\t\t<div class=\"elementor-widget-container\">\n\t\t\t\t\t<div class=\"elementor-image-box-wrapper\"><figure class=\"elementor-image-box-img\"><img fetchpriority=\"high\" decoding=\"async\" width=\"1907\" height=\"1706\" src=\"https:\/\/www.ordaline.fr\/wp-content\/uploads\/2023\/12\/cropped-DSC00154_DxO-1-scaled-1.jpg\" class=\"attachment-full size-full wp-image-208\" alt=\"\" srcset=\"https:\/\/www.ordaline.fr\/wp-content\/uploads\/2023\/12\/cropped-DSC00154_DxO-1-scaled-1.jpg 1907w, https:\/\/www.ordaline.fr\/wp-content\/uploads\/2023\/12\/cropped-DSC00154_DxO-1-scaled-1-300x268.jpg 300w, https:\/\/www.ordaline.fr\/wp-content\/uploads\/2023\/12\/cropped-DSC00154_DxO-1-scaled-1-1024x916.jpg 1024w, https:\/\/www.ordaline.fr\/wp-content\/uploads\/2023\/12\/cropped-DSC00154_DxO-1-scaled-1-768x687.jpg 768w, https:\/\/www.ordaline.fr\/wp-content\/uploads\/2023\/12\/cropped-DSC00154_DxO-1-scaled-1-1536x1374.jpg 1536w, https:\/\/www.ordaline.fr\/wp-content\/uploads\/2023\/12\/cropped-DSC00154_DxO-1-scaled-1-600x537.jpg 600w\" sizes=\"(max-width: 1907px) 100vw, 1907px\" \/><\/figure><div class=\"elementor-image-box-content\"><h3 class=\"elementor-image-box-title\"><span style=\"font-size: 2.1em;font-weight: 300\">Qui suis-je ?<\/span><\/h3><p class=\"elementor-image-box-description\"><div style=\"padding-right: 0px;padding-left: 0px;width: 570px\"><div data-colibri-id=\"134-c4\"><div style=\"width: 570px\"><div data-colibri-id=\"134-c6\"><div><p>Depuis tr\u00e8s longtemps, le travail du m\u00e9tal m'a attir\u00e9e. Je me suis form\u00e9e en autodidacte, et j'ai pu, au fil des ann\u00e9es, monter mon atelier. Aujourd'hui, je suis fi\u00e8re d'apposer mon poin\u00e7on de Maitre sur tous mes bijoux, afin de vous en certifier la composition.<span style=\"color: var( --e-global-color-text );font-family: var( --e-global-typography-text-font-family ), Sans-serif;font-weight: var( --e-global-typography-text-font-weight )\"><\/span><\/p><\/div><\/div><\/div><\/div><\/div><\/p><\/div><\/div>\t\t\t\t<\/div>\n\t\t\t\t<\/div>\n\t\t\t\t<div class=\"elementor-element elementor-element-75116e7 elementor-widget elementor-widget-spacer\" data-id=\"75116e7\" data-element_type=\"widget\" data-e-type=\"widget\" data-widget_type=\"spacer.default\">\n\t\t\t\t<div class=\"elementor-widget-container\">\n\t\t\t\t\t\t\t<div class=\"elementor-spacer\">\n\t\t\t<div class=\"elementor-spacer-inner\"><\/div>\n\t\t<\/div>\n\t\t\t\t\t\t<\/div>\n\t\t\t\t<\/div>\n\t\t<div class=\"elementor-element elementor-element-64a41be e-con-full e-flex e-con e-child\" data-id=\"64a41be\" data-element_type=\"container\" data-e-type=\"container\">\n\t\t\t\t<div class=\"elementor-element elementor-element-543ac19 elementor-position-right elementor-vertical-align-middle elementor-widget elementor-widget-image-box\" data-id=\"543ac19\" data-element_type=\"widget\" data-e-type=\"widget\" data-widget_type=\"image-box.default\">\n\t\t\t\t<div class=\"elementor-widget-container\">\n\t\t\t\t\t<div class=\"elementor-image-box-wrapper\"><figure class=\"elementor-image-box-img\"><img decoding=\"async\" width=\"1707\" height=\"1707\" src=\"https:\/\/www.ordaline.fr\/wp-content\/uploads\/2023\/12\/cropped-cropped-DSC00157_DxO-1-scaled-1.jpg\" class=\"attachment-full size-full wp-image-207\" alt=\"\" srcset=\"https:\/\/www.ordaline.fr\/wp-content\/uploads\/2023\/12\/cropped-cropped-DSC00157_DxO-1-scaled-1.jpg 1707w, https:\/\/www.ordaline.fr\/wp-content\/uploads\/2023\/12\/cropped-cropped-DSC00157_DxO-1-scaled-1-300x300.jpg 300w, https:\/\/www.ordaline.fr\/wp-content\/uploads\/2023\/12\/cropped-cropped-DSC00157_DxO-1-scaled-1-1024x1024.jpg 1024w, https:\/\/www.ordaline.fr\/wp-content\/uploads\/2023\/12\/cropped-cropped-DSC00157_DxO-1-scaled-1-150x150.jpg 150w, https:\/\/www.ordaline.fr\/wp-content\/uploads\/2023\/12\/cropped-cropped-DSC00157_DxO-1-scaled-1-768x768.jpg 768w, https:\/\/www.ordaline.fr\/wp-content\/uploads\/2023\/12\/cropped-cropped-DSC00157_DxO-1-scaled-1-1536x1536.jpg 1536w, https:\/\/www.ordaline.fr\/wp-content\/uploads\/2023\/12\/cropped-cropped-DSC00157_DxO-1-scaled-1-600x600.jpg 600w, https:\/\/www.ordaline.fr\/wp-content\/uploads\/2023\/12\/cropped-cropped-DSC00157_DxO-1-scaled-1-100x100.jpg 100w\" sizes=\"(max-width: 1707px) 100vw, 1707px\" \/><\/figure><div class=\"elementor-image-box-content\"><h3 class=\"elementor-image-box-title\"><span style=\"font-size: 2.1em;font-weight: 300;text-align: start\">Mon travail<\/span><\/h3><p class=\"elementor-image-box-description\"><span style=\"text-align: start\">Les gestes qui participent a la fabrication de mes bijoux sont tous issus des m\u00e9thodes traditionnelles de la bijouterie. Tout est forg\u00e9 \u00e0 la main et je n'utilise ni la fonte ni la CAO pour vous proposer des bijoux de qualit\u00e9 qui dureront une vie, voire plus.<\/span><\/p><\/div><\/div>\t\t\t\t<\/div>\n\t\t\t\t<\/div>\n\t\t\t\t<\/div>\n\t\t\t\t\t<\/div>\n\t\t\t\t<\/div>\n\t\t<div class=\"elementor-element elementor-element-47101c0 e-flex e-con-boxed e-con e-parent\" data-id=\"47101c0\" data-element_type=\"container\" data-e-type=\"container\">\n\t\t\t\t\t<div class=\"e-con-inner\">\n\t\t\t\t<div class=\"elementor-element elementor-element-e07ee7a elementor-shape-circle elementor-grid-0 e-grid-align-center elementor-widget elementor-widget-social-icons\" data-id=\"e07ee7a\" data-element_type=\"widget\" data-e-type=\"widget\" data-widget_type=\"social-icons.default\">\n\t\t\t\t<div class=\"elementor-widget-container\">\n\t\t\t\t\t\t\t<div class=\"elementor-social-icons-wrapper elementor-grid\" role=\"list\">\n\t\t\t\t\t\t\t<span class=\"elementor-grid-item\" role=\"listitem\">\n\t\t\t\t\t<a class=\"elementor-icon elementor-social-icon elementor-social-icon-facebook elementor-repeater-item-45ad49c\" href=\"https:\/\/www.facebook.com\/Ordaline.Bijoux\" target=\"_blank\">\n\t\t\t\t\t\t<span class=\"elementor-screen-only\">Facebook<\/span>\n\t\t\t\t\t\t<svg aria-hidden=\"true\" class=\"e-font-icon-svg e-fab-facebook\" viewBox=\"0 0 512 512\" xmlns=\"http:\/\/www.w3.org\/2000\/svg\"><path d=\"M504 256C504 119 393 8 256 8S8 119 8 256c0 123.78 90.69 226.38 209.25 245V327.69h-63V256h63v-54.64c0-62.15 37-96.48 93.67-96.48 27.14 0 55.52 4.84 55.52 4.84v61h-31.28c-30.8 0-40.41 19.12-40.41 38.73V256h68.78l-11 71.69h-57.78V501C413.31 482.38 504 379.78 504 256z\"><\/path><\/svg>\t\t\t\t\t<\/a>\n\t\t\t\t<\/span>\n\t\t\t\t\t\t\t<span class=\"elementor-grid-item\" role=\"listitem\">\n\t\t\t\t\t<a class=\"elementor-icon elementor-social-icon elementor-social-icon-instagram elementor-repeater-item-1aa90d0\" href=\"https:\/\/www.instagram.com\/ordaline60?igsh=b21mNHhjdHZqb2k=\" target=\"_blank\">\n\t\t\t\t\t\t<span class=\"elementor-screen-only\">Instagram<\/span>\n\t\t\t\t\t\t<svg aria-hidden=\"true\" class=\"e-font-icon-svg e-fab-instagram\" viewBox=\"0 0 448 512\" xmlns=\"http:\/\/www.w3.org\/2000\/svg\"><path d=\"M224.1 141c-63.6 0-114.9 51.3-114.9 114.9s51.3 114.9 114.9 114.9S339 319.5 339 255.9 287.7 141 224.1 141zm0 189.6c-41.1 0-74.7-33.5-74.7-74.7s33.5-74.7 74.7-74.7 74.7 33.5 74.7 74.7-33.6 74.7-74.7 74.7zm146.4-194.3c0 14.9-12 26.8-26.8 26.8-14.9 0-26.8-12-26.8-26.8s12-26.8 26.8-26.8 26.8 12 26.8 26.8zm76.1 27.2c-1.7-35.9-9.9-67.7-36.2-93.9-26.2-26.2-58-34.4-93.9-36.2-37-2.1-147.9-2.1-184.9 0-35.8 1.7-67.6 9.9-93.9 36.1s-34.4 58-36.2 93.9c-2.1 37-2.1 147.9 0 184.9 1.7 35.9 9.9 67.7 36.2 93.9s58 34.4 93.9 36.2c37 2.1 147.9 2.1 184.9 0 35.9-1.7 67.7-9.9 93.9-36.2 26.2-26.2 34.4-58 36.2-93.9 2.1-37 2.1-147.8 0-184.8zM398.8 388c-7.8 19.6-22.9 34.7-42.6 42.6-29.5 11.7-99.5 9-132.1 9s-102.7 2.6-132.1-9c-19.6-7.8-34.7-22.9-42.6-42.6-11.7-29.5-9-99.5-9-132.1s-2.6-102.7 9-132.1c7.8-19.6 22.9-34.7 42.6-42.6 29.5-11.7 99.5-9 132.1-9s102.7-2.6 132.1 9c19.6 7.8 34.7 22.9 42.6 42.6 11.7 29.5 9 99.5 9 132.1s2.7 102.7-9 132.1z\"><\/path><\/svg>\t\t\t\t\t<\/a>\n\t\t\t\t<\/span>\n\t\t\t\t\t<\/div>\n\t\t\t\t\t\t<\/div>\n\t\t\t\t<\/div>\n\t\t\t\t\t<\/div>\n\t\t\t\t<\/div>\n\t\t\t\t<\/div>\n\t\t","protected":false},"excerpt":{"rendered":"<p>Qui suis-je ?Depuis tr\u00e8s longtemps, le travail du m\u00e9tal m&#8217;a attir\u00e9e. Je me suis form\u00e9e en autodidacte, et j&#8217;ai pu, au fil des ann\u00e9es, monter mon atelier. Aujourd&#8217;hui, je suis fi\u00e8re d&#8217;apposer mon poin\u00e7on de Maitre sur tous mes bijoux, afin de vous en certifier la composition. Mon travailLes gestes qui participent a la fabrication [&hellip;]<\/p>\n","protected":false},"author":1,"featured_media":91,"parent":0,"menu_order":0,"comment_status":"closed","ping_status":"closed","template":"page-templates\/homepage.php","meta":{"footnotes":""},"class_list":["post-134","page","type-page","status-publish","has-post-thumbnail","hentry"],"jetpack_sharing_enabled":true,"_links":{"self":[{"href":"https:\/\/www.ordaline.fr\/index.php\/wp-json\/wp\/v2\/pages\/134","targetHints":{"allow":["GET"]}}],"collection":[{"href":"https:\/\/www.ordaline.fr\/index.php\/wp-json\/wp\/v2\/pages"}],"about":[{"href":"https:\/\/www.ordaline.fr\/index.php\/wp-json\/wp\/v2\/types\/page"}],"author":[{"embeddable":true,"href":"https:\/\/www.ordaline.fr\/index.php\/wp-json\/wp\/v2\/users\/1"}],"replies":[{"embeddable":true,"href":"https:\/\/www.ordaline.fr\/index.php\/wp-json\/wp\/v2\/comments?post=134"}],"version-history":[{"count":20,"href":"https:\/\/www.ordaline.fr\/index.php\/wp-json\/wp\/v2\/pages\/134\/revisions"}],"predecessor-version":[{"id":363,"href":"https:\/\/www.ordaline.fr\/index.php\/wp-json\/wp\/v2\/pages\/134\/revisions\/363"}],"wp:featuredmedia":[{"embeddable":true,"href":"https:\/\/www.ordaline.fr\/index.php\/wp-json\/wp\/v2\/media\/91"}],"wp:attachment":[{"href":"https:\/\/www.ordaline.fr\/index.php\/wp-json\/wp\/v2\/media?parent=134"}],"curies":[{"name":"wp","href":"https:\/\/api.w.org\/{rel}","templated":true}]}}