{"id":299,"date":"2025-01-25T16:45:22","date_gmt":"2025-01-25T15:45:22","guid":{"rendered":"http:\/\/www.ordaline.fr\/?post_type=product&#038;p=299"},"modified":"2025-01-27T13:04:49","modified_gmt":"2025-01-27T12:04:49","slug":"bagues-verte","status":"publish","type":"product","link":"https:\/\/www.ordaline.fr\/index.php\/produit\/bagues-verte\/","title":{"rendered":"Bague Am\u00e9thyste"},"content":{"rendered":"<p>Bague argent 925 avec une am\u00e9thyste forme marquise mont\u00e9e sur un anneau torsad\u00e9.<\/p>\n","protected":false},"excerpt":{"rendered":"<p>Am\u00e9thyste cabochon marquise<\/p>\n","protected":false},"featured_media":316,"comment_status":"open","ping_status":"closed","template":"","meta":[],"product_cat":[17],"product_tag":[33,30,35,34],"class_list":{"0":"post-299","1":"product","2":"type-product","3":"status-publish","4":"has-post-thumbnail","6":"product_cat-bagues","7":"product_tag-amethyste","8":"product_tag-bague","9":"product_tag-marquise","10":"product_tag-vintage","12":"first","13":"instock","14":"shipping-taxable","15":"purchasable","16":"product-type-variable"},"jetpack_sharing_enabled":true,"_links":{"self":[{"href":"https:\/\/www.ordaline.fr\/index.php\/wp-json\/wp\/v2\/product\/299","targetHints":{"allow":["GET"]}}],"collection":[{"href":"https:\/\/www.ordaline.fr\/index.php\/wp-json\/wp\/v2\/product"}],"about":[{"href":"https:\/\/www.ordaline.fr\/index.php\/wp-json\/wp\/v2\/types\/product"}],"replies":[{"embeddable":true,"href":"https:\/\/www.ordaline.fr\/index.php\/wp-json\/wp\/v2\/comments?post=299"}],"wp:featuredmedia":[{"embeddable":true,"href":"https:\/\/www.ordaline.fr\/index.php\/wp-json\/wp\/v2\/media\/316"}],"wp:attachment":[{"href":"https:\/\/www.ordaline.fr\/index.php\/wp-json\/wp\/v2\/media?parent=299"}],"wp:term":[{"taxonomy":"product_cat","embeddable":true,"href":"https:\/\/www.ordaline.fr\/index.php\/wp-json\/wp\/v2\/product_cat?post=299"},{"taxonomy":"product_tag","embeddable":true,"href":"https:\/\/www.ordaline.fr\/index.php\/wp-json\/wp\/v2\/product_tag?post=299"}],"curies":[{"name":"wp","href":"https:\/\/api.w.org\/{rel}","templated":true}]}}